) = -62*k - 36. Let b be u(-1). Suppose 367 = 3*s + 3*f - b, 3*f = -4*s + 523. Calculate the remainder when s is divided by 19.
16
Let x be (-1 - 2)/3*3. Let i(h) = -h**3 - 50*h**2 - 135*h + 289. Calculate the remainder when i(-47) is divided by 6 + (1 - (-9)/x).
3
Let c(g) = -g**3 + 9*g - 8. Let f be c(3). Let n(l) = -l**3 - 8*l**2 - 5*l - 16. What is the remainder when 116 is divided by n(f)?
20
Suppose 2*d + 56 = 354. Let f = 220 - d. Calculate the remainder when 210 is divided by f.
68
Let r(u) = -63*u**3 + 7*u**2 + 6*u - 4. Calculate the remainder when 353 is divided by r(-1).
53
What is the remainder when -11 - ((-70)/20*252 + 11) is divided by 171?
5
Suppose -5*b - 2030 = -5*i, -b - 190 = -2*i + 625. Suppose 0 = i*s - 403*s - 702. Calculate the remainder when s is divided by 61.
56
Let j(n) = 2*n**3 + 27*n**2 + 38*n + 60. What is the remainder when 145 is divided by j(-12)?
1
Let a = -2168 - -2202. What is the remainder when 1765 is divided by a?
31
Suppose -47*z + 3*b + 197 = -42*z, 4*b = -5*z + 169. What is the remainder when 2626 is divided by z?
36
Suppose -189*h + 133 + 1757 = 0. What is the remainder when 2319 is divided by h?
9
Let l be (-7277)/57*(1 + 2). Let y = 406 + l. What is the remainder when y is divided by 2/4 - (-13)/2?
2
Suppose 72*i = -37*i + 6431. What is the remainder when 232 is divided by i?
55
Let t = 4051 - 4046. Let p = -21 + 34. Calculate the remainder when p is divided by t.
3
Let v = 220 - 225. Let y(x) = -x**2 - 9*x + 3. What is the remainder when 45 is divided by y(v)?
22
Suppose 155*n = 80*n + 76*n - 64. Let j be 8/3 - 4/6. Suppose 4*u - 20 = j*u. What is the remainder when n is divided by u?
4
Let k = 261 - 243. Suppose -123*q + 121*q = -k. Calculate the remainder when 23 is divided by q.
5
Suppose -2*h = 2*q - 1256, -19*q + 3146 = 5*h - 16*q. What is the remainder when 1287 is divided by h?
25
Suppose 0 = 22*o - 136 - 84. Suppose 4*q - 3*g = q + 189, -o = -2*g. What is the remainder when q is divided by 7?
5
Let z(i) = -i**3 - 9*i**2 - 18*i - 17. What is the remainder when z(-9) is divided by 49?
47
Let i = 110 - 65. Suppose i + 137 = 2*g. Calculate the remainder when 2028/g + (-4)/14 is divided by 4.
2
Let a = -3038 - -3107. Let r be 2*(0 + (-93)/(-6)). Suppose 3*h = r + 11. What is the remainder when a is divided by h?
13
Let o = -26 + 47. Let t = o + -13. What is the remainder when (9/(-1))/((-65)/(-20) + -4) is divided by t?
4
Suppose 5*k + 33 = 88. Let n(q) = 17*q - 25. Let c be n(k). Suppose -c = -6*i + 48. What is the remainder when 67 is divided by i?
32
Let r = -6 + 13. Let i be (-10)/((0 - 10/(-5)) + -1). Let n(q) = -q**2 - q + 102. Calculate the remainder when n(i) is divided by r.
5
Let z be (60/(-75))/((-2)/70). Suppose z*i + 70 = 63*i. Calculate the remainder when 28 is divided by i.
0
Suppose -3*v - a + 805 = -5*a, -3*a + 15 = 0. Let k = -46 + v. What is the remainder when k is divided by 114?
1
What is the remainder when -3 + ((-4)/10)/(2/(-305)) is divided by (-12)/15*(-115)/2?
12
Suppose -11418 = 67*b - 71919. What is the remainder when b is divided by 379?
145
Let f = -33 + 74. Suppose 5*d + 242 + 368 = 0. Let x = d + 238. What is the remainder when x is divided by f?
34
Let t(j) = 162*j - 99. Calculate the remainder when 218 is divided by t(1).
29
Suppose -43*o = -14*o - 1565 - 378. Calculate the remainder when o is divided by 57.
10
What is the remainder when 1759 is divided by (552/230)/(13/(-75) + (-11)/(-33))?
4
What is the remainder when (-24)/44 - 32460/(-220) is divided by (-9 - -1)/(-2 + 0 + 0)?
3
Suppose -7*j + 86 = j + 2*m, 0 = -4*j - 4*m + 28. Calculate the remainder when (-326)/(-6) + 6/9 is divided by j.
7
Suppose -50131*p = -50182*p + 4743. Let s = -18 - -52. Calculate the remainder when p is divided by s.
25
Let v(j) = 3*j**3 - 2*j**2 + 11*j - 19. Let n be v(5). Let y = n + -325. What is the remainder when y is divided by 19?
17
Let p be (-2)/4*14 + 0. Let d = 27 + p. Suppose -37 - d = -4*x + f, 5*f + 25 = 0. Calculate the remainder when 35 is divided by x.
9
Let y(x) = -109*x - 13. Let o be y(-7). Suppose -16*q - 62 = -o. What is the remainder when 212 is divided by q?
40
Let u = 5780 + -5759. Calculate the remainder when 1217 is divided by u.
20
Suppose 4*o - 3*a - 82 = 0, 0*o + o = -2*a + 15. Let i be 3/(-6)*-4 - -24. Let l = i - o. What is the remainder when 15 is divided by l?
1
Let x = -176 + 188. Suppose 4*f = -x + 28. Let q = 7 + 0. Calculate the remainder when q is divided by f.
3
Let g = 87 + -58. Suppose -7 = -h - 5*k, -g = -2*h - k + 6*k. What is the remainder when 43 is divided by h?
7
Let c = -764 - -764. Suppose c = 13*k - 94 - 23. Calculate the remainder when 58 is divided by k.
4
Suppose -f = 3*o - 94763, -105*f = 6*o - 110*f - 189533. What is the remainder when o is divided by 30?
28
Suppose s = 2*l - 135, -3*s + 7*s - 370 = -5*l. Let c = l - 36. What is the remainder when 87 is divided by c?
19
Let h(j) = 27*j - 2241. Calculate the remainder when 482 is divided by h(85).
50
Let s = -74 + 77. Let g be -44*(-4)/((s - 5)/(-1)). Suppose 115 = 7*n - g. What is the remainder when 77 is divided by n?
19
Suppose -p - 213 - 140 = 0. Let n = -295 - p. What is the remainder when n is divided by 12?
10
Let x(t) = -546*t - 14933. What is the remainder when x(-30) is divided by 4?
3
Let u(l) = -l**3 - 18*l. Suppose -3*o = -3*f - 144, 0 = 2*o - 30*f + 31*f - 84. Calculate the remainder when u(-5) is divided by o.
39
Suppose 2*s = -j - 9, 4*j + 4 = 4*s + 28. Suppose -3*u - q + 52 = 0, -q + 33 = 15*u - 13*u. Calculate the remainder when 54/1 - (s + 3) is divided by u.
18
Suppose -107 = -j - 104. Suppose q + 68 = j*q. Calculate the remainder when q is divided by 12.
10
What is the remainder when 934 is divided by ((-52)/(-44) + (-26)/143)/((-2)/(-20))?
4
Let m(g) = -38*g**2 - 2*g**3 + 8*g**3 + 14 - 4*g**3. Let i = 97 - -98. What is the remainder when i is divided by m(19)?
13
Let h(o) = 14*o + 275. Let u = 133 + -127. Calculate the remainder when h(-17) is divided by u.
1
Suppose u - 28 = 159. Suppose 3*h + g = -g + u, -g + 62 = h. Calculate the remainder when h is divided by 10.
3
Suppose 3*w - 17 = 2*w. Let r = -178 - -177. Let a(l) = -6*l**3 - 2*l**2 + 2. What is the remainder when w is divided by a(r)?
5
Let l be (-10 - (1 - 2))*(-2)/6. Suppose -20 = -l*r + 109. Calculate the remainder when r is divided by (1/(-4))/(2/(-88)).
10
Let j(b) = -3*b + 2. Let x = -20 + 16. Let d be j(x). Calculate the remainder when 23 is divided by (d/21)/(1/18).
11
Let o be 17600/(-128)*(1 + 18/(-10)). Suppose -o*y = -109*y - 41. What is the remainder when y is divided by 20?
1
Let u(b) = b**2 + 529*b + 233. Calculate the remainder when u(0) is divided by 29.
1
Suppose 0 = v - 0*v + 19. Let y = 27 + v. Suppose y*x - 72 = -x. Calculate the remainder when 28 is divided by x.
4
Let l(o) = 86*o**2 - 14*o - 7. What is the remainder when l(2) is divided by 115?
79
Let j = 3654 + -3639. Calculate the remainder when 862 is divided by j.
7
Suppose -80*h - 18*h = 88*h - 438960. Calculate the remainder when h is divided by 779.
23
Suppose 37*f = 98 + 13. What is the remainder when 101 is divided by (585/135)/(1/f)?
10
Suppose -10*q = -605 - 95. Let p(t) = -5*t - 4. Let m be p(-2). Suppose -m*d + q + 2 = 0. What is the remainder when 45 is divided by d?
9
Suppose -16*m + 3*m = 23*m - 396. What is the remainder when 98 is divided by m?
10
Suppose 2*n + 5*s + 8 = 23, 5*s = -5*n + 30. Suppose -4*v + 171 = n*v. Calculate the remainder when 12/42 - (-916)/28 is divided by v.
14
Suppose 3*c - 14 - 91 = 0. Suppose 10*i - 1379 = 2801. What is the remainder when i is divided by c?
33
Let j = 984 + -946. Calculate the remainder when (-6)/(-18)*(0 + 423) is divided by j.
27
Let j(n) = -3*n**2 + 51*n + 48. Calculate the remainder when 339 is divided by j(17).
3
What is the remainder when 356 is divided by (-38 + (-1)/1)/(1/(-5))?
161
Suppose -337 = -7*q + 1273. Let u(g) = -2*g + 8. Calculate the remainder when q is divided by u(-5).
14
Let z(m) = -10*m**2 - 55*m - 10. Let v = 182 + -187. What is the remainder when 72 is divided by z(v)?
12
What is the remainder when 294 is divided by ((-246)/(-5))/((-208)/(-156)*(-6)/(-20))?
48
Let h be (-124)/186 + ((-20)/(-3) - 2). Suppose 848 = 12*m + h*m. What is th